e factors of 1091385898.
2, 545692949
List the prime factors of 8903524.
2, 7, 317983
List the prime factors of 648489430.
2, 5, 64848943
What are the prime factors of 417828118?
2, 208914059
What are the prime factors of 307248573?
3, 433, 236527
List the prime factors of 65278467.
3, 31, 25997
What are the prime factors of 372076220?
2, 5, 1789, 10399
List the prime factors of 813673991.
13, 109, 44171
List the prime factors of 551168810.
2, 5, 137, 402313
What are the prime factors of 4826376473?
4826376473
What are the prime factors of 159322256?
2, 1123, 8867
What are the prime factors of 683963470?
2, 5, 67, 1020841
What are the prime factors of 186606222?
2, 3, 11, 23, 122929
What are the prime factors of 224796791?
79, 2845529
List the prime factors of 72003151.
11, 6545741
What are the prime factors of 1066244437?
17, 61, 1028201
List the prime factors of 185904585.
3, 5, 1377071
What are the prime factors of 1707650270?
2, 5, 19, 37, 449, 541
List the prime factors of 48313165.
5, 9662633
What are the prime factors of 243022142?
2, 11, 37, 8069
List the prime factors of 153983478.
2, 3, 11, 2333083
List the prime factors of 3126543343.
7, 11, 5800637
List the prime factors of 136742790.
2, 3, 5, 41, 107, 1039
What are the prime factors of 2316294223?
2316294223
List the prime factors of 68583204.
2, 3, 223, 8543
What are the prime factors of 8048613?
3, 137, 19583
What are the prime factors of 26299604?
2, 59, 111439
List the prime factors of 4907860.
2, 5, 211, 1163
List the prime factors of 265334923.
7, 23, 467, 3529
List the prime factors of 195548861.
1109, 176329
What are the prime factors of 3114976280?
2, 5, 13, 19, 315281
List the prime factors of 72792663.
3, 24264221
What are the prime factors of 1879290514?
2, 41, 22918177
List the prime factors of 4704794043.
3, 479, 3274039
What are the prime factors of 112122550?
2, 5, 197, 11383
What are the prime factors of 2639756570?
2, 5, 11, 71, 30727
List the prime factors of 75204007.
3499, 21493
What are the prime factors of 426306483?
3, 1741, 3023
List the prime factors of 109474058.
2, 941, 58169
List the prime factors of 103324138.
2, 51662069
What are the prime factors of 268084351?
37, 7245523
List the prime factors of 351002557.
359, 977723
What are the prime factors of 82425771?
3, 181, 50599
List the prime factors of 30324524.
2, 7581131
List the prime factors of 4882820.
2, 5, 244141
List the prime factors of 2509262500.
2, 5, 191, 1051
List the prime factors of 127423991.
127423991
What are the prime factors of 4352870223?
3, 13, 37204019
List the prime factors of 34694255.
5, 6938851
List the prime factors of 1090361106.
2, 3, 60575617
List the prime factors of 570579557.
19, 149, 201547
What are the prime factors of 3775731901?
293, 12886457
List the prime factors of 2584854416.
2, 161553401
List the prime factors of 1096105079.
19, 137, 421093
List the prime factors of 1076741313.
3, 73, 89, 55243
What are the prime factors of 3548905?
5, 601, 1181
List the prime factors of 432574011.
3, 101, 475879
What are the prime factors of 260281923?
3, 11, 193, 40867
What are the prime factors of 53272941?
3, 19, 934613
What are the prime factors of 133240378?
2, 66620189
What are the prime factors of 622044357?
3, 11, 31, 461, 1319
List the prime factors of 36498649.
11, 47, 227, 311
List the prime factors of 1513777382.
2, 13, 58222207
What are the prime factors of 22316916?
2, 3, 47, 39569
What are the prime factors of 17798717?
191, 93187
What are the prime factors of 4876804885?
5, 23, 1283, 33053
List the prime factors of 800531104.
2, 19, 31, 42473
What are the prime factors of 1196094198?
2, 3, 13, 3467, 4423
List the prime factors of 812496425.
5, 13, 2499989
What are the prime factors of 3650126?
2, 31, 113, 521
What are the prime factors of 443703734?
2, 227, 367, 2663
List the prime factors of 78322043.
17, 127, 36277
What are the prime factors of 1754542726?
2, 19, 46172177
What are the prime factors of 251193397?
7, 13, 337, 8191
List the prime factors of 26273596.
2, 6568399
List the prime factors of 486057018.
2, 3, 2803, 28901
What are the prime factors of 2133478932?
2, 3, 13, 3371, 4057
What are the prime factors of 6816428994?
2, 3, 23, 991, 49843
What are the prime factors of 61024593?
3, 7, 271, 10723
What are the prime factors of 49020500?
2, 5, 98041
What are the prime factors of 892239423?
3, 37, 8038193
List the prime factors of 237984184.
2, 29748023
List the prime factors of 1684481741.
1877, 897433
What are the prime factors of 540267148?
2, 23, 239, 24571
List the prime factors of 32705740.
2, 5, 1635287
List the prime factors of 69203376.
2, 3, 11, 14563
List the prime factors of 2324226196.
2, 17, 43, 794879
What are the prime factors of 6395905469?
1231, 1721, 3019
What are the prime factors of 700991792?
2, 23, 1904869
List the prime factors of 32585775.
3, 5, 41, 10597
List the prime factors of 283939087.
29, 9791003
What are the prime factors of 238245753?
3, 23, 571, 6047
What are the prime factors of 325192975?
5, 23, 565553
List the prime factors of 43413232.
2, 29, 93563
List the prime factors of 26344918.
2, 167, 78877
What are the prime factors of 146405781?
3, 37, 139, 3163
List the prime factors of 2125284742.
2, 7, 21686579
List the prime factors of 942391869.
3, 79, 3976337
What are the prime factors of 165504766?
2, 7, 47, 251527
What are the prime factors of 642760673?
47, 13675759
What are the prime factors of 1165935918?
2, 3, 7, 23, 1206973
What are the prime factors of 98985478?
2, 19, 47, 2917
List the prime factors of 17335515.
3, 5, 1155701
What are the prime factors of 1483047708?
2, 3, 113, 151, 7243
What are the prime factors of 615012119?
131, 4694749
List the prime factors of 159827589.
3, 47, 377843
What are the prime factors of 47071082?
2, 31, 307, 2473
What are the prime factors of 242922701?
7, 3187, 10889
What are the prime factors of 2725260?
2, 3, 5, 53, 857
What are the prime factors of 2833744503?
3, 31, 30470371
What are the prime factors of 4912010?
2, 5, 491201
List the prime factors of 51095273.
5449, 9377
List the prime factors of 38826565.
5, 7765313
List the prime factors of 287984533.
41, 367, 19139
What are the prime factors of 1103719423?
23, 47987801
What are the prime factors of 8447811034?
2, 13, 71, 4576279
List the prime factors of 573898058.
2, 647, 659, 673
What are the prime factors of 91109240?
2, 5, 2277731
What are the prime factors of 83122430?
2, 5, 8312243
List the prime factors of 648612237.
3, 7, 13, 17, 8221
List the prime factors of 2958586015.
5, 7, 11, 7684639
List the prime factors of 1255836290.
2, 5, 10613, 11833
What are the prime factors of 151713207?
3, 16857023
List the prime factors of 12900473.
43, 6977
What are the prime factors of 18082179?
3, 547, 3673
List the prime factors of 3594184.
2, 11, 47, 79
What are the prime factors of 1156668781?
23, 50289947
List the prime factors of 7940470331.
7907, 1004233
List the prime factors of 205116382.
2, 37, 2771843
List the prime factors of 5145421159.
12697, 405247
List the prime factors of 569914259.
89, 1699, 3769
What are the prime factors of 63512273?
11, 31, 186253
What are the prime factors of 620215002?
2, 3, 11, 1044133
What are the prime factors of 50879324?
2, 619, 20549
What are the prime factors of 143482860?
2, 3, 5, 265709
What are the prime factors of 107122777?
271, 395287
What are the prime factors of 9525306?
2, 3, 7, 179, 181
What are the prime factors of 81759824?
2, 5109989
List the prime factors of 599375829.
3, 13, 15368611
List the prime factors of 250342400.
2, 5, 7, 11, 127
List the prime factors of 306411589.
11, 23, 223, 5431
What are the prime factors of 761297367?
3, 89, 787, 3623
What are the prime factors of 46753731?
3, 547, 9497
What are the prime factors of 659136186?
2, 3, 29, 1262713
List the prime factors of 24468271.
4091, 5981
List the prime factors of 49385817.
3, 13, 422101
What are the prime factors of 1718474934?
2, 3, 11, 26037499
List the prime factors of 35447295.
3, 5, 13, 17, 37
What are the prime factors of 12037539?
3, 139, 28867
What are the prime factors of 1254854823?
3, 418284941
What are the prime factors of 779359968?
2, 3, 17, 23, 769
List the prime factors o